8
Let j(r) = r**2 - r + 1. What is j(-3)?
13
Let q(s) = s**3 - 6*s**2 - 17*s + 98. Determine q(5).
-12
Let s(a) = -103*a**2 - 226*a - 13. Give s(-2).
27
Let g(x) = 32*x - 54. What is g(0)?
-54
Let z(q) = -q**3 + 19*q**2 - 43*q - 58. Give z(16).
22
Let b(l) = -l**2 + 294*l - 4970. Give b(276).
-2
Let x(h) = 4067*h + 24406. Calculate x(-6).
4
Let a(g) = -g**3 - 37*g**2 + 545*g + 846. Determine a(-48).
30
Let q(h) = -h**2 + 50*h + 212. Give q(-4).
-4
Let c(b) = -b**3 - 112*b**2 + 225*b - 343. Give c(-114).
-1
Let x(g) = g**2 - 2*g - 28. Give x(0).
-28
Let t(q) = q**3 + 15*q**2 + 17*q + 19. What is t(-10)?
349
Let w(o) = -2075*o + 6. Determine w(0).
6
Let q(c) = c**2 + 21*c + 94. Calculate q(-13).
-10
Let g(y) = 12*y**2 + 83*y - 518. Calculate g(4).
6
Let m(t) = -11*t + 773. Determine m(47).
256
Let f(x) = 91*x + 2. Determine f(-4).
-362
Let z(p) = -3*p**3 + 15*p**2 - 158*p + 783. What is z(5)?
-7
Let j(w) = w**3 + 2*w**2 - 31*w - 30. What is j(4)?
-58
Let t(l) = 2*l**3 - 172*l**2 - 165*l - 780. Determine t(87).
3
Let w(v) = 9*v + 156. Determine w(-17).
3
Let x(t) = -2*t**3 + 264*t**2 + 534*t + 273. Calculate x(134).
5
Let s(p) = 130*p - 942. What is s(7)?
-32
Let r(f) = -8*f**2 - 39*f - 96. Determine r(-3).
-51
Let r(x) = -2*x**2 - 17*x + 36. Determine r(2).
-6
Let f(m) = m**3 - 10*m**2 - 36*m + 27. Calculate f(15).
612
Let p(b) = -3488*b + 39. Give p(0).
39
Let t(j) = -6*j**3 + j**2 - 4*j - 4. Calculate t(0).
-4
Let c(s) = -s**3 + 54*s**2 - 701*s + 392. Give c(20).
-28
Let n(a) = -8*a**2 - 74*a + 263. Determine n(-12).
-1
Let l(z) = 15*z**2 + 35*z - 1. Calculate l(-2).
-11
Let n(x) = x**3 - 2*x**2 + 24*x - 183. What is n(9)?
600
Let v(j) = 15*j - 106. Determine v(2).
-76
Let u(c) = -11*c**3 + 10*c**2 - 9*c + 23. Calculate u(2).
-43
Let h(p) = 3*p**2 - 31*p - 82. Calculate h(14).
72
Let l(v) = -298*v - 1188. Calculate l(-4).
4
Let t(g) = 5*g**2 + 55*g - 2. What is t(-11)?
-2
Let n(j) = -j**3 - j**2 + 52*j - 30. Determine n(6).
30
Let c(f) = 2*f**2 + 32*f + 112. Determine c(-10).
-8
Let h(o) = -o**3 + o + 6. Calculate h(0).
6
Let p(x) = x**2 - 12*x - 59. Give p(10).
-79
Let o(q) = -11*q**2 + 199*q - 6. Determine o(18).
12
Let n(y) = -4*y**2 - 1290*y - 2. Calculate n(0).
-2
Let b(w) = w**3 - 8*w**2 + 47. Determine b(6).
-25
Let s(f) = -41*f + 6. Calculate s(-3).
129
Let r(k) = -8*k + 211. Determine r(22).
35
Let n(b) = -467*b + 1394. Give n(3).
-7
Let t(v) = -v**3 - 7*v**2 + 8*v + 7. Calculate t(-9).
97
Let t(l) = -6*l**3 + 91*l**2 + 85*l + 2. Give t(16).
82
Let b(p) = 362*p + 1431. Give b(-4).
-17
Let b(q) = -q**3 + 87*q**2 + 91*q - 290. What is b(88)?
-26
Let q(r) = 31*r + 236. Calculate q(-12).
-136
Let x(g) = g**3 - 40*g**2 + 2*g - 1770. Give x(41).
-7
Let r(b) = b**3 + 97*b**2 + 1980*b + 81. Give r(-29).
-151
Let f(m) = 33*m**2 - 3596*m - 108. Determine f(109).
1
Let d(a) = -a**2 - 50*a + 1601. Give d(23).
-78
Let f(k) = 30*k**2 + 2*k - 7. Calculate f(2).
117
Let w(m) = -8*m**3 - 84*m**2 + 47*m + 27. Determine w(-11).
-6
Let r(j) = -j**2 + 182*j - 1216. Determine r(7).
9
Let s(d) = -453*d + 1780. Calculate s(4).
-32
Let g(f) = -f**2 + 68*f - 570. Give g(18).
330
Let p(c) = 19*c**2 + 66*c + 311. What is p(-5)?
456
Let m(x) = 15*x - 1306. Determine m(87).
-1
Let l(d) = d**3 - 8*d**2 - 15*d + 27. Give l(9).
-27
Let u(x) = -x**2 - 17*x - 90. Calculate u(-7).
-20
Let q(r) = 210*r + 18059. Give q(-86).
-1
Let a(s) = -s**3 + 18*s**2 - 56*s - 42. Determine a(14).
-42
Let g(b) = -16*b**3 - 4*b**2 - 9*b - 4. Calculate g(-1).
17
Let l(q) = q**3 + 4*q**2 - 8*q - 42. Calculate l(-5).
-27
Let f(w) = -195*w - 410. What is f(-2)?
-20
Let d(c) = -21*c - 19. What is d(2)?
-61
Let n(t) = -289*t - 2833. What is n(-11)?
346
Let i(f) = -f**2 + 57*f + 8689. Give i(126).
-5
Let o(v) = 72*v - 820. Give o(11).
-28
Let t(y) = -y**3 + y**2 - y + 4. Determine t(2).
-2
Let o(z) = z**2 + 40*z + 52. Give o(-23).
-339
Let v(y) = 10*y - 169. Calculate v(26).
91
Let p(y) = 43*y - 211. What is p(6)?
47
Let g(s) = 2*s**3 + 26*s**2 + 3*s - 92. Give g(-12).
160
Let w(h) = -677*h + 686. Calculate w(1).
9
Let b(q) = 5*q**3 + 91*q**2 - 41*q + 661. Give b(-19).
-4
Let l(w) = 3*w**2 + 46*w + 1105. Give l(0).
1105
Let j(r) = -170*r + 356. Calculate j(4).
-324
Let y(b) = 57*b**2 - 854*b - 16. What is y(15)?
-1
Let o(i) = 462*i - 30886. Give o(67).
68
Let d(v) = -31*v + 3349. Determine d(111).
-92
Let v(h) = -3*h**2 - 212*h - 1612. Calculate v(-8).
-108
Let j(i) = i**3 + 25*i**2 - 34*i - 1. Determine j(-26).
207
Let u(k) = -k**3 - 23*k**2 + 187*k + 345. Calculate u(-29).
-32
Let k(z) = 559*z + 1683. Give k(-3).
6
Let g(d) = d**3 + 23*d**2 + 113*d - 1. Calculate g(-7).
-8
Let t(u) = u**3 + 17*u**2 - 41*u - 33. Calculate t(-19).
24
Let w(v) = 27*v - 1590. What is w(55)?
-105
Let d(c) = -25*c**3 - 2*c**2 + 4*c + 8. What is d(2)?
-192
Let f(m) = 2*m**3 - 13*m**2 - 169*m + 1131. Determine f(7).
-3
Let u(m) = -2*m**3 - 24*m**2 - 2*m - 197. Calculate u(-12).
-173
Let d(k) = 87*k + 685. Calculate d(-9).
-98
Let f(x) = -2*x**3 + 22*x**2 - 39*x + 3. What is f(9)?
-24
Let d(o) = -391*o - 7827. Give d(-20).
-7
Let s(y) = -y**3 + 14*y**2 + 47*y + 6. What is s(17)?
-62
Let n(f) = 2*f**3 - 10*f**2 + 7*f - 100. Determine n(5).
-65
Let a(d) = -d**3 - 7*d**2 + 5*d - 16. Give a(-7).
-51
Let i(t) = -10*t**2 - 7*t + 64. Determine i(5).
-221
Let m(s) = -2*s**2 + 75*s - 208. Determine m(3).
-1
Let w(c) = 79*c - 559. What is w(7)?
-6
Let c(k) = k**2 + 85*k - 3. Determine c(-2).
-169
Let o(c) = -4*c**3 + 39*c**2 - 20*c + 293. Calculate o(10).
-7
Let z(l) = -l**2 - 30*l + 146. Calculate z(4).
10
Let s(n) = -9*n**2 - 255*n - 254. Give s(-1).
-8
Let l(d) = -5*d**3 - 95*d**2 + 109*d + 6. Determine l(-20).
-174
Let y(a) = 16*a + 113. Give y(4).
177
Let l(s) = 2*s**2 + 20*s - 102. Determine l(6).
90
Let h(u) = -126*u**2 - 1640*u - 22. Give h(-13).
4
Let s(b) = -24*b**2 - 698*b - 40. Determine s(-29).
18
Let d(g) = -10*g**2 + 11*g + 5. Give d(-7).
-562
Let v(i) = -347*i - 12135. Give v(-35).
10
Let i(c) = 348*c + 2151. Calculate i(-6).
63
Let o(v) = -44*v - 623. What is o(-14)?
-7
Let b(t) = 2*t**2 - 55*t + 376. Calculate b(15).
1
Let j(q) = -q**3 + 41*q**2 - 339*q + 245. Determine j(30).
-25
Let t(d) = 7959*d - 31840. Determine t(4).
-4
Let p(h) = 11*h**2 - 203*h - 111. What is p(19)?
3
Let k(z) = 12065*z - 711840. Determine k(59).
-5
Let n(z) = 25*z + 376. Determine n(-14).
26
Let g(v) = -v**3 - 15*v**2 + 18*v - 33. Calculate g(-17).
239
Let o(z) = -z**2 + 55*z - 729. Calculate o(32).
7
Let w(o) = -o**2 - 21*o + 539. Calculate w(16).
-53
Let i(n) = -n - 307. What is i(25)?
-332
Let b(o) = o**3 + 10*o**2 + 193*o + 545. Give b(-3).
29
Let m(y) = -y**3 + 7*y**2 - 3*y - 14. Determine m(5).
21
Let v(u) = -u**2 + 77*u - 4. Give v(77).
-4
Let i(d) = -d**2 + 61*d + 44. Calculate i(61).
44
Let f(s) = -s**3 - 101*s**2 - 292*s + 197. Determine f(-98).
1
Let k(r) = 119*r + 1364. Determine k(-8).
412
Let l(o) = 203*o + 1053. Calculate l(-5).
38
Let a(s) = -s**2 - 127*s - 1964. Give a(-109).
-2
Let i(k) = -3483*k + 10431. Determine i(3).
-18
Let w(y) = 14*y**3 + 267*y**2 + 6*y - 247. What is w(-19)?
0
Let h(f) = f**2 - 33*f - 375. Calculate h(-9).
3
Let q(r) = -r**2 - 43*r - 85. Give q(-41).
-3
Let j(n) = 111*n + 1632. Determine j(-15).
-33
Let z(m) = m**3 - m**2 - 311*m - 83. Give z(-17).
2
Let o(k) = 346*k + 1390. Give o(-4).
6
Let z(n) = 2*n**3 - 24*n**2 + 2*n - 43. What is z(12)?
-19
Let d(r) = 4*r**3 + 211*r**2 - 42*r + 608. Give d(-53).
25
Let x(v) = -51*v**3 - v**2 + 505*v + 505. Calculate x(-1).
50
Let g(j) = 4*j**3 - 13*j**2 - 65*j - 274. What is g(7)?
6
Let x(t) = 164*t + 10817. Give x(-66).
-7
Let j(g) = -21*g**3 - 9*g**2 - 7*g - 1. Determine j(-1).
18
Let f(m) = 122*m**2 - 3*m - 3. Determine f(-1).
122
Let q(v) = -654*v + 6542. Calculate q(10).
2
Let n(r) = -352*r**2 - 2819*r - 8. Determine n(-8).
16
Let w(z) = 37*z - 230. Calculate w(6).
-8
Let f(y) = -75*y - 680. Determine f(-9).
-5
Let d(g) = -241*g + 13754. Calculate d(57).
17
Let s(q) = -88*q**2 + 639*q + 15. Give s(7).
176
Let d(j) = 2283*j + 7. Calculate d(0).
7
Let a(h) = h**2 - 49*h - 1493. Give a(76).
559
Let l(g) = g**3 + 28*g**2 - 243*g - 1321. What is l(-34)?
5
Let g(f) = f**2 + f - 65. Determine g(-14).
117
Let b(i) = i**3 - 15*i**2 - 102*i + 65. Deter